{"id":38,"date":"2023-06-22T18:42:01","date_gmt":"2023-06-22T18:42:01","guid":{"rendered":"https:\/\/test1.vietdocs.org\/?page_id=38"},"modified":"2023-06-22T21:52:43","modified_gmt":"2023-06-22T21:52:43","slug":"test-table","status":"publish","type":"page","link":"https:\/\/test1.vietdocs.org\/index.php\/test-table\/","title":{"rendered":"Test Table"},"content":{"rendered":"<h3 class=\"wpdt-c\" id=\"wdt-table-title-3\">New wpDataTable<\/h3>\n<div class=\"wpdt-c wdt-skin-purple\">\n    \n<input type=\"hidden\" id=\"wdtNonceFrontendEdit_3\" name=\"wdtNonceFrontendEdit_3\" value=\"ed73c30d9b\" \/><input type=\"hidden\" name=\"_wp_http_referer\" value=\"\/index.php\/wp-json\/wp\/v2\/pages\/38\" \/>    <input type=\"hidden\" id=\"table_1_desc\"\n           value='{\"tableId\":\"table_1\",\"tableType\":\"gravity\",\"selector\":\"#table_1\",\"responsive\":true,\"responsiveAction\":\"icon\",\"editable\":false,\"inlineEditing\":false,\"infoBlock\":true,\"pagination\":1,\"paginationAlign\":\"right\",\"paginationLayout\":\"full_numbers\",\"paginationLayoutMobile\":\"simple\",\"file_location\":\"wp_media_lib\",\"tableSkin\":\"purple\",\"scrollable\":false,\"globalSearch\":true,\"showRowsPerPage\":true,\"popoverTools\":false,\"hideBeforeLoad\":true,\"number_format\":1,\"decimalPlaces\":2,\"spinnerSrc\":\"https:\\\/\\\/test1.vietdocs.org\\\/wp-content\\\/plugins\\\/wpdatatables\\\/assets\\\/\\\/img\\\/spinner.gif\",\"groupingEnabled\":false,\"tableWpId\":3,\"dataTableParams\":{\"sDom\":\"BT\\u003C\\u0027clear\\u0027\\u003Elftip\",\"bSortCellsTop\":false,\"bFilter\":true,\"bPaginate\":true,\"sPaginationType\":\"full_numbers\",\"aLengthMenu\":[[1,5,10,25,50,100,-1],[1,5,10,25,50,100,\"All\"]],\"iDisplayLength\":10,\"columnDefs\":[{\"sType\":\"formatted-num\",\"wdtType\":\"int\",\"bVisible\":true,\"orderable\":true,\"searchable\":true,\"InputType\":\"text\",\"name\":\"kyhieu\",\"origHeader\":\"kyhieu\",\"notNull\":false,\"conditionalFormattingRules\":[],\"className\":\"numdata integer  column-kyhieu\",\"aTargets\":[0]},{\"sType\":\"string\",\"wdtType\":\"string\",\"bVisible\":true,\"orderable\":true,\"searchable\":true,\"InputType\":\"text\",\"name\":\"tenbia\",\"origHeader\":\"tenbia\",\"notNull\":false,\"conditionalFormattingRules\":[],\"className\":\" column-tenbia\",\"sWidth\":\"10%\",\"aTargets\":[1]},{\"sType\":\"string\",\"wdtType\":\"string\",\"bVisible\":true,\"orderable\":true,\"searchable\":true,\"InputType\":\"text\",\"name\":\"thacbanbiatai\",\"origHeader\":\"thacbanbiatai\",\"notNull\":false,\"conditionalFormattingRules\":[],\"className\":\" column-thacbanbiatai\",\"aTargets\":[2]},{\"sType\":\"string\",\"wdtType\":\"string\",\"bVisible\":true,\"orderable\":true,\"searchable\":true,\"InputType\":\"text\",\"name\":\"suutamtai\",\"origHeader\":\"suutamtai\",\"notNull\":false,\"conditionalFormattingRules\":[],\"className\":\" column-suutamtai\",\"aTargets\":[3]},{\"sType\":\"string\",\"wdtType\":\"string\",\"bVisible\":true,\"orderable\":true,\"searchable\":true,\"InputType\":\"text\",\"name\":\"thongtinthacban\",\"origHeader\":\"thongtinthacban\",\"notNull\":false,\"conditionalFormattingRules\":[],\"className\":\" column-thongtinthacban\",\"aTargets\":[4]},{\"sType\":\"string\",\"wdtType\":\"string\",\"bVisible\":true,\"orderable\":true,\"searchable\":true,\"InputType\":\"text\",\"name\":\"niendai\",\"origHeader\":\"niendai\",\"notNull\":false,\"conditionalFormattingRules\":[],\"className\":\" column-niendai\",\"aTargets\":[5]},{\"sType\":\"string\",\"wdtType\":\"string\",\"bVisible\":true,\"orderable\":true,\"searchable\":true,\"InputType\":\"text\",\"name\":\"nguoisoanvavietchu\",\"origHeader\":\"nguoisoanvavietchu\",\"notNull\":false,\"conditionalFormattingRules\":[],\"className\":\" column-nguoisoanvavietchu\",\"aTargets\":[6]},{\"sType\":\"string\",\"wdtType\":\"string\",\"bVisible\":true,\"orderable\":true,\"searchable\":true,\"InputType\":\"text\",\"name\":\"chude\",\"origHeader\":\"chude\",\"notNull\":false,\"conditionalFormattingRules\":[],\"className\":\" column-chude\",\"aTargets\":[7]},{\"sType\":\"string\",\"wdtType\":\"string\",\"bVisible\":true,\"orderable\":true,\"searchable\":true,\"InputType\":\"text\",\"name\":\"hinh\",\"origHeader\":\"hinh\",\"notNull\":false,\"conditionalFormattingRules\":[],\"className\":\" column-hinh\",\"aTargets\":[8]},{\"sType\":\"string\",\"wdtType\":\"string\",\"bVisible\":false,\"orderable\":true,\"searchable\":false,\"InputType\":\"none\",\"name\":\"id\",\"origHeader\":\"id\",\"notNull\":false,\"conditionalFormattingRules\":[],\"className\":\" column-id\",\"aTargets\":[9]}],\"bAutoWidth\":false,\"order\":[[0,\"asc\"]],\"ordering\":true,\"fixedHeader\":{\"header\":false,\"headerOffset\":0},\"fixedColumns\":false,\"buttons\":[{\"extend\":\"print\",\"exportOptions\":{\"columns\":\":visible\",\"stripHtml\":true},\"className\":\"DTTT_button DTTT_button_print\",\"text\":\"Print\",\"title\":\"New wpDataTable\"},{\"extend\":\"collection\",\"className\":\"DTTT_button DTTT_button_export\",\"text\":\"Export\",\"buttons\":[{\"extend\":\"excelHtml5\",\"exportOptions\":{\"columns\":\":visible\",\"stripHtml\":true},\"filename\":\"New wpDataTable\",\"title\":null,\"text\":\"Excel\"},{\"extend\":\"csvHtml5\",\"exportOptions\":{\"columns\":\":visible\",\"stripHtml\":true},\"title\":\"New wpDataTable\",\"text\":\"CSV\"},{\"extend\":\"copyHtml5\",\"exportOptions\":{\"columns\":\":visible\",\"stripHtml\":true},\"filename\":\"New wpDataTable\",\"title\":null,\"text\":\"Copy\"}]},{\"buttons\":[\"pageLength\"],\"className\":\"DTTT_button DTTT_button_spacer\"}],\"oLanguage\":{\"sSearchPlaceholder\":\"Search table\",\"sSearch\":\"\\u003Cspan class=\\u0022wdt-search-icon\\u0022\\u003E\\u003C\\\/span\\u003E\"},\"bProcessing\":false,\"serverSide\":true,\"ajax\":{\"url\":\"https:\\\/\\\/test1.vietdocs.org\\\/wp-admin\\\/admin-ajax.php?action=get_wdtable&table_id=3\",\"type\":\"POST\"},\"oSearch\":{\"bSmart\":false,\"bRegex\":false,\"sSearch\":\"\"}},\"tabletWidth\":\"1024\",\"mobileWidth\":\"480\",\"renderFilter\":\"footer\",\"advancedFilterEnabled\":true,\"advancedFilterOptions\":{\"aoColumns\":[{\"type\":\"number\",\"columnType\":\"int\",\"numberOfDecimalPlaces\":\"2\",\"possibleValuesType\":\"read\",\"globalSearchColumn\":1,\"values\":null,\"origHeader\":\"kyhieu\",\"displayHeader\":\"K\\u00fd Hi\\u1ec7u\",\"possibleValuesAddEmpty\":false,\"possibleValuesAjax\":-1,\"column_align_fields\":\"\",\"defaultValue\":\"\",\"column_align_header\":\"\",\"column_rotate_header_name\":\"\",\"exactFiltering\":false,\"filterLabel\":\"\",\"searchInSelectBox\":1,\"searchInSelectBoxEditing\":1,\"checkboxesInModal\":0,\"andLogic\":0,\"linkButtonLabel\":\"\",\"rangeSlider\":false,\"rangeMaxValueDisplay\":\"default\",\"customMaxRangeValue\":\"0\"},{\"type\":\"text\",\"columnType\":\"string\",\"numberOfDecimalPlaces\":\"2\",\"possibleValuesType\":\"read\",\"globalSearchColumn\":1,\"values\":null,\"origHeader\":\"tenbia\",\"displayHeader\":\"T\\u00ean Bia\",\"possibleValuesAddEmpty\":false,\"possibleValuesAjax\":10,\"column_align_fields\":\"\",\"defaultValue\":\"\",\"column_align_header\":\"\",\"column_rotate_header_name\":\"\",\"exactFiltering\":false,\"filterLabel\":\"\",\"searchInSelectBox\":1,\"searchInSelectBoxEditing\":1,\"checkboxesInModal\":0,\"andLogic\":0,\"linkButtonLabel\":\"\",\"rangeSlider\":false,\"rangeMaxValueDisplay\":\"default\",\"customMaxRangeValue\":\"0\"},{\"type\":\"text\",\"columnType\":\"string\",\"numberOfDecimalPlaces\":\"2\",\"possibleValuesType\":\"read\",\"globalSearchColumn\":1,\"values\":null,\"origHeader\":\"thacbanbiatai\",\"displayHeader\":\"Th\\u00e1c b\\u1ea3n bia t\\u1ea1i\",\"possibleValuesAddEmpty\":false,\"possibleValuesAjax\":10,\"column_align_fields\":\"\",\"defaultValue\":\"\",\"column_align_header\":\"\",\"column_rotate_header_name\":\"\",\"exactFiltering\":false,\"filterLabel\":\"\",\"searchInSelectBox\":1,\"searchInSelectBoxEditing\":1,\"checkboxesInModal\":0,\"andLogic\":0,\"linkButtonLabel\":\"\",\"rangeSlider\":false,\"rangeMaxValueDisplay\":\"default\",\"customMaxRangeValue\":\"0\"},{\"type\":\"text\",\"columnType\":\"string\",\"numberOfDecimalPlaces\":\"2\",\"possibleValuesType\":\"read\",\"globalSearchColumn\":1,\"values\":null,\"origHeader\":\"suutamtai\",\"displayHeader\":\"S\\u01b0u t\\u1ea7m t\\u1ea1i\",\"possibleValuesAddEmpty\":false,\"possibleValuesAjax\":10,\"column_align_fields\":\"\",\"defaultValue\":\"\",\"column_align_header\":\"\",\"column_rotate_header_name\":\"\",\"exactFiltering\":false,\"filterLabel\":\"\",\"searchInSelectBox\":1,\"searchInSelectBoxEditing\":1,\"checkboxesInModal\":0,\"andLogic\":0,\"linkButtonLabel\":\"\",\"rangeSlider\":false,\"rangeMaxValueDisplay\":\"default\",\"customMaxRangeValue\":\"0\"},{\"type\":\"text\",\"columnType\":\"string\",\"numberOfDecimalPlaces\":\"2\",\"possibleValuesType\":\"read\",\"globalSearchColumn\":1,\"values\":null,\"origHeader\":\"thongtinthacban\",\"displayHeader\":\"Th\\u00f4ng tin th\\u00e1c b\\u1ea3n\",\"possibleValuesAddEmpty\":false,\"possibleValuesAjax\":10,\"column_align_fields\":\"\",\"defaultValue\":\"\",\"column_align_header\":\"\",\"column_rotate_header_name\":\"\",\"exactFiltering\":false,\"filterLabel\":\"\",\"searchInSelectBox\":1,\"searchInSelectBoxEditing\":1,\"checkboxesInModal\":0,\"andLogic\":0,\"linkButtonLabel\":\"\",\"rangeSlider\":false,\"rangeMaxValueDisplay\":\"default\",\"customMaxRangeValue\":\"0\"},{\"type\":\"text\",\"columnType\":\"string\",\"numberOfDecimalPlaces\":\"2\",\"possibleValuesType\":\"read\",\"globalSearchColumn\":1,\"values\":null,\"origHeader\":\"niendai\",\"displayHeader\":\"Ni\\u00ean \\u0110\\u1ea1i\",\"possibleValuesAddEmpty\":false,\"possibleValuesAjax\":10,\"column_align_fields\":\"\",\"defaultValue\":\"\",\"column_align_header\":\"\",\"column_rotate_header_name\":\"\",\"exactFiltering\":false,\"filterLabel\":\"\",\"searchInSelectBox\":1,\"searchInSelectBoxEditing\":1,\"checkboxesInModal\":0,\"andLogic\":0,\"linkButtonLabel\":\"\",\"rangeSlider\":false,\"rangeMaxValueDisplay\":\"default\",\"customMaxRangeValue\":\"0\"},{\"type\":\"text\",\"columnType\":\"string\",\"numberOfDecimalPlaces\":\"2\",\"possibleValuesType\":\"read\",\"globalSearchColumn\":1,\"values\":null,\"origHeader\":\"nguoisoanvavietchu\",\"displayHeader\":\"Ng\\u01b0\\u1eddi so\\u1ea1n v\\u00e0 vi\\u1ebft ch\\u1eef\",\"possibleValuesAddEmpty\":false,\"possibleValuesAjax\":10,\"column_align_fields\":\"\",\"defaultValue\":\"\",\"column_align_header\":\"\",\"column_rotate_header_name\":\"\",\"exactFiltering\":false,\"filterLabel\":\"\",\"searchInSelectBox\":1,\"searchInSelectBoxEditing\":1,\"checkboxesInModal\":0,\"andLogic\":0,\"linkButtonLabel\":\"\",\"rangeSlider\":false,\"rangeMaxValueDisplay\":\"default\",\"customMaxRangeValue\":\"0\"},{\"type\":\"text\",\"columnType\":\"string\",\"numberOfDecimalPlaces\":\"2\",\"possibleValuesType\":\"read\",\"globalSearchColumn\":1,\"values\":null,\"origHeader\":\"chude\",\"displayHeader\":\"Ch\\u1ee7 \\u0110\\u1ec1\",\"possibleValuesAddEmpty\":false,\"possibleValuesAjax\":10,\"column_align_fields\":\"\",\"defaultValue\":\"\",\"column_align_header\":\"\",\"column_rotate_header_name\":\"\",\"exactFiltering\":false,\"filterLabel\":\"\",\"searchInSelectBox\":1,\"searchInSelectBoxEditing\":1,\"checkboxesInModal\":0,\"andLogic\":0,\"linkButtonLabel\":\"\",\"rangeSlider\":false,\"rangeMaxValueDisplay\":\"default\",\"customMaxRangeValue\":\"0\"},{\"type\":\"text\",\"columnType\":\"string\",\"numberOfDecimalPlaces\":\"2\",\"possibleValuesType\":\"read\",\"globalSearchColumn\":1,\"values\":null,\"origHeader\":\"hinh\",\"displayHeader\":\"H\\u00ecnh\",\"possibleValuesAddEmpty\":false,\"possibleValuesAjax\":10,\"column_align_fields\":\"\",\"defaultValue\":\"\",\"column_align_header\":\"\",\"column_rotate_header_name\":\"\",\"exactFiltering\":false,\"filterLabel\":\"\",\"searchInSelectBox\":1,\"searchInSelectBoxEditing\":1,\"checkboxesInModal\":0,\"andLogic\":0,\"linkButtonLabel\":\"\",\"rangeSlider\":false,\"rangeMaxValueDisplay\":\"default\",\"customMaxRangeValue\":\"0\"},{\"type\":\"text\",\"columnType\":\"string\",\"numberOfDecimalPlaces\":\"2\",\"possibleValuesType\":\"read\",\"globalSearchColumn\":0,\"values\":null,\"origHeader\":\"id\",\"displayHeader\":\"id\",\"possibleValuesAddEmpty\":false,\"possibleValuesAjax\":-1,\"column_align_fields\":\"\",\"defaultValue\":\"\",\"column_align_header\":\"\",\"column_rotate_header_name\":\"\",\"exactFiltering\":false,\"filterLabel\":\"\",\"searchInSelectBox\":false,\"searchInSelectBoxEditing\":false,\"checkboxesInModal\":0,\"andLogic\":0,\"linkButtonLabel\":\"\",\"rangeSlider\":false,\"rangeMaxValueDisplay\":\"default\",\"customMaxRangeValue\":\"\"}],\"bUseColVis\":true},\"filterInForm\":false,\"serverSide\":true,\"autoRefreshInterval\":0,\"processing\":true,\"fnServerData\":true,\"columnsFixed\":0,\"sumFunctionsLabel\":\"\",\"avgFunctionsLabel\":\"\",\"minFunctionsLabel\":\"\",\"maxFunctionsLabel\":\"\",\"columnsDecimalPlaces\":{\"kyhieu\":-1,\"tenbia\":-1,\"thacbanbiatai\":-1,\"suutamtai\":-1,\"thongtinthacban\":-1,\"niendai\":-1,\"nguoisoanvavietchu\":-1,\"chude\":-1,\"hinh\":-1,\"id\":2},\"columnsThousandsSeparator\":{\"kyhieu\":1},\"sumColumns\":[],\"avgColumns\":[],\"sumAvgColumns\":[],\"timeFormat\":\"h:i A\",\"datepickFormat\":\"dd\\\/mm\\\/yy\"}'\/>\n\n    <table id=\"table_1\"\n           class=\"  responsive display nowrap data-t data-t wpDataTable wpDataTableID-3\"\n           style=\"display: none; \"\n           data-described-by='table_1_desc'\n           data-wpdatatable_id=\"3\">\n        \n        <!-- Table header -->\n        \n<thead>\n<tr>\n                    <th\n        data-class=\"expand\"                class=\" wdtheader sort numdata integer \"\n        style=\"\">K\u00fd Hi\u1ec7u<\/th>        <th\n                        class=\" wdtheader sort \"\n        style=\"\">T\u00ean Bia<\/th>        <th\n                        class=\" wdtheader sort \"\n        style=\"\">Th\u00e1c b\u1ea3n bia t\u1ea1i<\/th>        <th\n                        class=\" wdtheader sort \"\n        style=\"\">S\u01b0u t\u1ea7m t\u1ea1i<\/th>        <th\n                        class=\" wdtheader sort \"\n        style=\"\">Th\u00f4ng tin th\u00e1c b\u1ea3n<\/th>        <th\n                        class=\" wdtheader sort \"\n        style=\"\">Ni\u00ean \u0110\u1ea1i<\/th>        <th\n                        class=\" wdtheader sort \"\n        style=\"\">Ng\u01b0\u1eddi so\u1ea1n v\u00e0 vi\u1ebft ch\u1eef<\/th>        <th\n                        class=\" wdtheader sort \"\n        style=\"\">Ch\u1ee7 \u0110\u1ec1<\/th>        <th\n                        class=\" wdtheader sort \"\n        style=\"\">H\u00ecnh<\/th>        <th\n                        class=\" wdtheader sort \"\n        style=\"\">id<\/th>    <\/tr>\n<\/thead>\n        <!-- \/Table header -->\n\n        <!-- Table body -->\n        \n<tbody>\n            <tr id=\"table_3_row_0\">\n                            <td style=\"\">1<\/td>\n                            <td style=\"\">H\u1eadu Ph\u1eadt Bi K\u00fd \u540e\u4f5b\u7891\u8a18<\/td>\n                            <td style=\"\">x\u00e3 L\u00e2m Du huy\u1ec7n Gia L\u00e2m ph\u1ee7 Thu\u1eadn An \u9806\u5b89\u5e9c\u5609\u6797\u7e23\u81e8\u6e38\u793e<\/td>\n                            <td style=\"\">ch\u00f9a Nguy\u1ec7t Quang x\u00e3 L\u00e2m Du huy\u1ec7n Gia L\u00e2m t\u1ec9nh B\u1eafc Ninh<\/td>\n                            <td style=\"\"><p class=\"p2\">Th\u00e1c b\u1ea3n 1 m\u1eb7t, kh\u1ed5 35 <span class=\"s1\">X <\/span>62 cm, g\u1ed3m 8 d\u00f2ng ch\u1eef H\u00e1n, to\u00e0n v\u0103n \u01b0\u1edbc kho\u1ea3ng 180 ch\u1eef, kh\u00f4ng c\u00f3 hoa v\u00e3n, kh\u00f4ng c\u00f3 ch\u1eef h\u00fay.<\/p><\/td>\n                            <td style=\"\">C\u1ea3nh H\u01b0ng\uff0cn\u00e3m B\u00ednh Th\u00e2n (1776).<\/td>\n                            <td style=\"\"><p class=\"p2\">kh\u00f4ng ghi.<\/p><\/td>\n                            <td style=\"\"><p class=\"p2\">- B\u1ea7u H\u1eadu, g\u1eedi gi\u1ed3, bi\u1ec3u d\u01b0\u01a1ng vi\u1ec7c thi\u1ec7n.<\/p><br \/>\r\n<p class=\"p2\">- Sinh ho\u1ea1t l\u00e0ng x\u00e3.<\/p><\/td>\n                            <td style=\"\"><a href=https:\/\/test1.vietdocs.org\/wp-content\/uploads\/gravity_forms\/2-aecb42a5ca6b67bc6ac6c10aff9ffd27\/2023\/06\/0001.jpg>0001.jpg<\/a><\/br><\/td>\n                            <td style=\"\">1<\/td>\n                    <\/tr>\n                <tr id=\"table_3_row_1\">\n                            <td style=\"\">2<\/td>\n                            <td style=\"\">H\u1eadu Ph\u1eadt Bi K\u00fd 2 \u540e\u4f5b\u7891\u8a18<\/td>\n                            <td style=\"\">x\u00e3 L\u00e2m Du huy\u1ec7n Gia L\u00e2m ph\u1ee7 Thu\u1eadn An \u9806\u5b89\u5e9c\u5609\u6797\u7e23\u81e8\u6e38\u793e<\/td>\n                            <td style=\"\">ch\u00f9a Nguy\u1ec7t Quang x\u00e3 L\u00e2m Du huy\u1ec7n Gia L\u00e2m t\u1ec9nh B\u1eafc Ninh<\/td>\n                            <td style=\"\"><p class=\"p2\">Th\u00e1c b\u1ea3n 1 m\u1eb7t, kh\u1ed5 35 <span class=\"s1\">X <\/span>62 cm, g\u1ed3m 8 d\u00f2ng ch\u1eef H\u00e1n, to\u00e0n v\u0103n \u01b0\u1edbc kho\u1ea3ng 180 ch\u1eef, kh\u00f4ng c\u00f3 hoa v\u00e3n, kh\u00f4ng c\u00f3 ch\u1eef h\u00fay.<\/p><\/td>\n                            <td style=\"\">C\u1ea3nh H\u01b0ng\uff0cn\u00e3m B\u00ednh Th\u00e2n (1776).<\/td>\n                            <td style=\"\"><p class=\"p2\">kh\u00f4ng ghi.<\/p><\/td>\n                            <td style=\"\"><p class=\"p2\">- B\u1ea7u H\u1eadu, g\u1eedi gi\u1ed3, bi\u1ec3u d\u01b0\u01a1ng vi\u1ec7c thi\u1ec7n.<\/p><br \/>\r\n<p class=\"p2\">- Sinh ho\u1ea1t l\u00e0ng x\u00e3.<\/p><\/td>\n                            <td style=\"\"><a href=https:\/\/test1.vietdocs.org\/wp-content\/uploads\/gravity_forms\/2-aecb42a5ca6b67bc6ac6c10aff9ffd27\/2023\/06\/0001.jpg>0001.jpg<\/a><\/br><\/td>\n                            <td style=\"\">2<\/td>\n                    <\/tr>\n                <tr id=\"table_3_row_2\">\n                            <td style=\"\">3<\/td>\n                            <td style=\"\">H\u1eadu Ph\u1eadt Bi K\u00fd 3 \u540e\u4f5b\u7891\u8a18<\/td>\n                            <td style=\"\">x\u00e3 L\u00e2m Du huy\u1ec7n Gia L\u00e2m ph\u1ee7 Thu\u1eadn An \u9806\u5b89\u5e9c\u5609\u6797\u7e23\u81e8\u6e38\u793e<\/td>\n                            <td style=\"\">ch\u00f9a Nguy\u1ec7t Quang x\u00e3 L\u00e2m Du huy\u1ec7n Gia L\u00e2m t\u1ec9nh B\u1eafc Ninh<\/td>\n                            <td style=\"\"><p class=\"p2\">Th\u00e1c b\u1ea3n 1 m\u1eb7t, kh\u1ed5 35 <span class=\"s1\">X <\/span>62 cm, g\u1ed3m 8 d\u00f2ng ch\u1eef H\u00e1n, to\u00e0n v\u0103n \u01b0\u1edbc kho\u1ea3ng 180 ch\u1eef, kh\u00f4ng c\u00f3 hoa v\u00e3n, kh\u00f4ng c\u00f3 ch\u1eef h\u00fay.<\/p><\/td>\n                            <td style=\"\">C\u1ea3nh H\u01b0ng\uff0cn\u00e3m B\u00ednh Th\u00e2n (1776).<\/td>\n                            <td style=\"\"><p class=\"p2\">kh\u00f4ng ghi.<\/p><\/td>\n                            <td style=\"\"><p class=\"p2\">- B\u1ea7u H\u1eadu, g\u1eedi gi\u1ed3, bi\u1ec3u d\u01b0\u01a1ng vi\u1ec7c thi\u1ec7n.<\/p><br \/>\r\n<p class=\"p2\">- Sinh ho\u1ea1t l\u00e0ng x\u00e3.<\/p><\/td>\n                            <td style=\"\"><a href=https:\/\/test1.vietdocs.org\/wp-content\/uploads\/gravity_forms\/2-aecb42a5ca6b67bc6ac6c10aff9ffd27\/2023\/06\/0001.jpg>0001.jpg<\/a><\/br><\/td>\n                            <td style=\"\">3<\/td>\n                    <\/tr>\n    <\/tbody>        <!-- \/Table body -->\n\n        <!-- Table footer -->\n        \n    <tfoot>\n                <tr >\n                            <td\n                class=\"wdtheader sort numdata integer \"\n                style=\"\">K\u00fd Hi\u1ec7u<\/td>                <td\n                class=\"wdtheader sort \"\n                style=\"\">T\u00ean Bia<\/td>                <td\n                class=\"wdtheader sort \"\n                style=\"\">Th\u00e1c b\u1ea3n bia t\u1ea1i<\/td>                <td\n                class=\"wdtheader sort \"\n                style=\"\">S\u01b0u t\u1ea7m t\u1ea1i<\/td>                <td\n                class=\"wdtheader sort \"\n                style=\"\">Th\u00f4ng tin th\u00e1c b\u1ea3n<\/td>                <td\n                class=\"wdtheader sort \"\n                style=\"\">Ni\u00ean \u0110\u1ea1i<\/td>                <td\n                class=\"wdtheader sort \"\n                style=\"\">Ng\u01b0\u1eddi so\u1ea1n v\u00e0 vi\u1ebft ch\u1eef<\/td>                <td\n                class=\"wdtheader sort \"\n                style=\"\">Ch\u1ee7 \u0110\u1ec1<\/td>                <td\n                class=\"wdtheader sort \"\n                style=\"\">H\u00ecnh<\/td>                <td\n                class=\"wdtheader sort \"\n                style=\"\">id<\/td>        <\/tr>\n                            <\/tfoot>\n        <!-- \/Table footer -->\n    <\/table>\n\n<\/div><style>\ntable.wpDataTable { table-layout: fixed !important; }\ntable.wpDataTable td, table.wpDataTable th { white-space: normal !important; }\n.wpDataTablesWrapper table.wpDataTable td {\n    \/* white-space: wrap!important; *\/\n}\n\n\/* \n#table_1.wpDataTable > thead > tr > th {\n  background-color: #ffffff;  \n  color: #2271b1;\n  font-weight: 400;\n  font-size: 1em;\n}table.wpDataTable td.numdata { text-align: right !important; }\n<\/style>\n<style>\n<\/style>\n\n","protected":false},"excerpt":{"rendered":"","protected":false},"author":1,"featured_media":0,"parent":0,"menu_order":0,"comment_status":"closed","ping_status":"closed","template":"wp-custom-template-gf-page","meta":{"footnotes":""},"class_list":["post-38","page","type-page","status-publish","hentry"],"_links":{"self":[{"href":"https:\/\/test1.vietdocs.org\/index.php\/wp-json\/wp\/v2\/pages\/38","targetHints":{"allow":["GET"]}}],"collection":[{"href":"https:\/\/test1.vietdocs.org\/index.php\/wp-json\/wp\/v2\/pages"}],"about":[{"href":"https:\/\/test1.vietdocs.org\/index.php\/wp-json\/wp\/v2\/types\/page"}],"author":[{"embeddable":true,"href":"https:\/\/test1.vietdocs.org\/index.php\/wp-json\/wp\/v2\/users\/1"}],"replies":[{"embeddable":true,"href":"https:\/\/test1.vietdocs.org\/index.php\/wp-json\/wp\/v2\/comments?post=38"}],"version-history":[{"count":3,"href":"https:\/\/test1.vietdocs.org\/index.php\/wp-json\/wp\/v2\/pages\/38\/revisions"}],"predecessor-version":[{"id":44,"href":"https:\/\/test1.vietdocs.org\/index.php\/wp-json\/wp\/v2\/pages\/38\/revisions\/44"}],"wp:attachment":[{"href":"https:\/\/test1.vietdocs.org\/index.php\/wp-json\/wp\/v2\/media?parent=38"}],"curies":[{"name":"wp","href":"https:\/\/api.w.org\/{rel}","templated":true}]}}